{"id":44,"date":"2016-11-22T14:11:56","date_gmt":"2016-11-22T13:11:56","guid":{"rendered":"https:\/\/uf-mi.u-bordeaux.fr\/road\/?page_id=44"},"modified":"2023-06-19T14:33:33","modified_gmt":"2023-06-19T12:33:33","slug":"stages","status":"publish","type":"page","link":"https:\/\/uf-mi.u-bordeaux.fr\/road\/stages\/","title":{"rendered":"Stages"},"content":{"rendered":"<p>Les \u00e9tudiants du parcours ROAD doivent effectuer un stage obligatoire en fin de formation. Le stage peut s&rsquo;effectuer en entreprise ou dans un laboratoire de recherche. Ils peuvent aussi partir en stage entre les deux ann\u00e9es que dure la formation.<\/p>\n<h3>Stage de master 1 (3 mois, optionnel)<\/h3>\n<p>Ce stage\u00a0est optionnel et se d\u00e9roule entre le M1 et le M2. Il peut \u00eatre la suite d&rsquo;un <a href=\"https:\/\/uf-mi.u-bordeaux.fr\/road\/proposer-un-sujet-de-projet\/\">projet TER<\/a>.<\/p>\n<p>D\u00e9but : 15 mai environ<br \/>\nFin : 31 ao\u00fbt<\/p>\n<h3>Stage de master 2 (6 mois, obligatoire)<\/h3>\n<p>Ce stage permet de valider le dipl\u00f4me. Il doit permettre \u00e0 l&rsquo;\u00e9tudiant de mettre en oeuvre ses comp\u00e9tences en optimisation quantitative.<\/p>\n<p>D\u00e9but : 1er mars<br \/>\nFin : 31 ao\u00fbt<\/p>\n<p><a href=\"https:\/\/uf-mi.u-bordeaux.fr\/road\/soutenances-publiques-de-stages-en-2017\/\">Liste des soutenances publiques de stage en 2017<\/a><\/p>\n<h3>Proposer un stage, prendre des renseignements<\/h3>\n<p>Contacter le responsable : boris.detienne&lt;-AT-&gt;math.u-bordeaux.fr<\/p>\n","protected":false},"excerpt":{"rendered":"<p>Les \u00e9tudiants du parcours ROAD doivent effectuer un stage obligatoire en fin de formation. Le stage peut s&rsquo;effectuer en entreprise ou dans un laboratoire de recherche. Ils peuvent aussi partir &#8230;<\/p>\n","protected":false},"author":4,"featured_media":0,"parent":0,"menu_order":0,"comment_status":"closed","ping_status":"closed","template":"","meta":{"footnotes":""},"class_list":["post-44","page","type-page","status-publish","hentry"],"_links":{"self":[{"href":"https:\/\/uf-mi.u-bordeaux.fr\/road\/wp-json\/wp\/v2\/pages\/44","targetHints":{"allow":["GET"]}}],"collection":[{"href":"https:\/\/uf-mi.u-bordeaux.fr\/road\/wp-json\/wp\/v2\/pages"}],"about":[{"href":"https:\/\/uf-mi.u-bordeaux.fr\/road\/wp-json\/wp\/v2\/types\/page"}],"author":[{"embeddable":true,"href":"https:\/\/uf-mi.u-bordeaux.fr\/road\/wp-json\/wp\/v2\/users\/4"}],"replies":[{"embeddable":true,"href":"https:\/\/uf-mi.u-bordeaux.fr\/road\/wp-json\/wp\/v2\/comments?post=44"}],"version-history":[{"count":7,"href":"https:\/\/uf-mi.u-bordeaux.fr\/road\/wp-json\/wp\/v2\/pages\/44\/revisions"}],"predecessor-version":[{"id":514,"href":"https:\/\/uf-mi.u-bordeaux.fr\/road\/wp-json\/wp\/v2\/pages\/44\/revisions\/514"}],"wp:attachment":[{"href":"https:\/\/uf-mi.u-bordeaux.fr\/road\/wp-json\/wp\/v2\/media?parent=44"}],"curies":[{"name":"wp","href":"https:\/\/api.w.org\/{rel}","templated":true}]}}