{"id":427,"date":"2021-04-13T15:28:35","date_gmt":"2021-04-13T13:28:35","guid":{"rendered":"https:\/\/uf-mi.u-bordeaux.fr\/road\/?page_id=427"},"modified":"2023-06-23T13:22:30","modified_gmt":"2023-06-23T11:22:30","slug":"alternance","status":"publish","type":"page","link":"https:\/\/uf-mi.u-bordeaux.fr\/road\/alternance\/","title":{"rendered":"Alternance"},"content":{"rendered":"\n<p>Notre parcours accueille depuis 2020 des \u00e9tudiants en alternance. <br><br>La premi\u00e8re promotion a r\u00e9alis\u00e9 son alternance par le biais d&rsquo;un <strong>contrat de professionnalisation<\/strong>. Depuis 2021, nous sommes habilit\u00e9s \u00e0 accueillir des \u00e9tudiants en <strong>contrat d&rsquo;apprentissage<\/strong>. <\/p>\n\n\n\n<p><strong>Entreprises.<\/strong> Vous pouvez nous contacter si vous souhaitez recruter un \u00e9tudiant en alternance dans notre formation, nous vous mettrons en contact avec les candidats. <\/p>\n\n\n\n<p><strong>\u00c9tudiants.<\/strong> Vous pouvez nous contacter si vous voulez des indications sur votre recherche d&rsquo;entreprise pour une alternance dans notre parcours.<\/p>\n\n\n\n<p>T\u00e9l\u00e9charger la <a href=\"https:\/\/uf-mi.u-bordeaux.fr\/road\/wp-content\/uploads\/sites\/2\/2023\/06\/UA-ST-FICHE-MASTER-MATHS-ROAD-2023.pdf\" data-type=\"URL\">fiche d&rsquo;information sur la formation en alternance<\/a>.<\/p>\n","protected":false},"excerpt":{"rendered":"<p>Notre parcours accueille depuis 2020 des \u00e9tudiants en alternance. La premi\u00e8re promotion a r\u00e9alis\u00e9 son alternance par le biais d&rsquo;un contrat de professionnalisation. Depuis 2021, nous sommes habilit\u00e9s \u00e0 accueillir &#8230;<\/p>\n","protected":false},"author":4,"featured_media":0,"parent":0,"menu_order":0,"comment_status":"closed","ping_status":"closed","template":"","meta":{"footnotes":""},"class_list":["post-427","page","type-page","status-publish","hentry"],"_links":{"self":[{"href":"https:\/\/uf-mi.u-bordeaux.fr\/road\/wp-json\/wp\/v2\/pages\/427","targetHints":{"allow":["GET"]}}],"collection":[{"href":"https:\/\/uf-mi.u-bordeaux.fr\/road\/wp-json\/wp\/v2\/pages"}],"about":[{"href":"https:\/\/uf-mi.u-bordeaux.fr\/road\/wp-json\/wp\/v2\/types\/page"}],"author":[{"embeddable":true,"href":"https:\/\/uf-mi.u-bordeaux.fr\/road\/wp-json\/wp\/v2\/users\/4"}],"replies":[{"embeddable":true,"href":"https:\/\/uf-mi.u-bordeaux.fr\/road\/wp-json\/wp\/v2\/comments?post=427"}],"version-history":[{"count":9,"href":"https:\/\/uf-mi.u-bordeaux.fr\/road\/wp-json\/wp\/v2\/pages\/427\/revisions"}],"predecessor-version":[{"id":529,"href":"https:\/\/uf-mi.u-bordeaux.fr\/road\/wp-json\/wp\/v2\/pages\/427\/revisions\/529"}],"wp:attachment":[{"href":"https:\/\/uf-mi.u-bordeaux.fr\/road\/wp-json\/wp\/v2\/media?parent=427"}],"curies":[{"name":"wp","href":"https:\/\/api.w.org\/{rel}","templated":true}]}}