{"id":42,"date":"2016-11-22T14:11:38","date_gmt":"2016-11-22T13:11:38","guid":{"rendered":"https:\/\/uf-mi.u-bordeaux.fr\/road\/?page_id=42"},"modified":"2023-06-19T14:30:38","modified_gmt":"2023-06-19T12:30:38","slug":"recherche-operationnelle","status":"publish","type":"page","link":"https:\/\/uf-mi.u-bordeaux.fr\/road\/recherche-operationnelle\/","title":{"rendered":"Recherche op\u00e9rationnelle"},"content":{"rendered":"<h3>Recherche op\u00e9rationnelle<\/h3>\n<p><em>\u00ab\u00a0La <b>recherche op\u00e9rationnelle<\/b> peut \u00eatre d\u00e9finie comme l&rsquo;ensemble des m\u00e9thodes et techniques rationnelles orient\u00e9es vers la recherche du meilleur choix dans la fa\u00e7on d&rsquo;op\u00e9rer en vue d&rsquo;aboutir au r\u00e9sultat vis\u00e9 ou au meilleur r\u00e9sultat possible<sup id=\"cite_ref-1\" class=\"reference\"><a href=\"https:\/\/fr.wikipedia.org\/wiki\/Recherche_op%C3%A9rationnelle#cite_note-1\">1<\/a><\/sup>.<\/em><\/p>\n<p><em>Elle fait partie des \u00ab\u00a0aides \u00e0 la d\u00e9cision\u00a0\u00bb dans la mesure o\u00f9 elle propose des mod\u00e8les conceptuels en vue d&rsquo;analyser et de maitriser des situations complexes pour permettre aux d\u00e9cideurs de comprendre, d&rsquo;\u00e9valuer les enjeux et d&rsquo;arbitrer ou de faire les choix les plus efficaces.\u00a0\u00bb (source : Wikipedia)<\/em><\/p>\n<p>Un expert en recherche op\u00e9rationnelle doit \u00eatre capable de mod\u00e9liser des probl\u00e8mes complexes, proposer des m\u00e9thodes math\u00e9matiques de r\u00e9solution, les impl\u00e9menter informatiquement, et confronter ses r\u00e9sultats avec la r\u00e9alit\u00e9.<\/p>\n<h3>Domaines d&rsquo;applications<\/h3>\n<figure id=\"attachment_274\" aria-describedby=\"caption-attachment-274\" style=\"width: 300px\" class=\"wp-caption alignright\"><img loading=\"lazy\" decoding=\"async\" class=\"wp-image-274 size-medium\" src=\"https:\/\/uf-mi.u-bordeaux.fr\/road\/wp-content\/uploads\/2\/2017\/04\/planning1-300x71.jpeg\" alt=\"\" width=\"300\" height=\"71\" srcset=\"https:\/\/uf-mi.u-bordeaux.fr\/road\/wp-content\/uploads\/sites\/2\/2017\/04\/planning1-300x71.jpeg 300w, https:\/\/uf-mi.u-bordeaux.fr\/road\/wp-content\/uploads\/sites\/2\/2017\/04\/planning1-768x181.jpeg 768w, https:\/\/uf-mi.u-bordeaux.fr\/road\/wp-content\/uploads\/sites\/2\/2017\/04\/planning1.jpeg 854w\" sizes=\"auto, (max-width: 300px) 100vw, 300px\" \/><figcaption id=\"caption-attachment-274\" class=\"wp-caption-text\">Planning hebdomadaire pour des employ\u00e9s<\/figcaption><\/figure>\n<p>La recherche op\u00e9rationnelle s&rsquo;applique dans la plupart des secteurs d&rsquo;activit\u00e9s. Parmi les plus actifs actuellement, on peut citer <strong>l&rsquo;\u00e9nergie<\/strong> (gestion de la production et du stockage), les <strong>transports<\/strong> (optimisation des livraisons, des transports publics), la <strong>sant\u00e9<\/strong> (planification des soins).<\/p>\n<figure id=\"attachment_270\" aria-describedby=\"caption-attachment-270\" style=\"width: 139px\" class=\"wp-caption alignright\"><a href=\"http:\/\/www.math.uwaterloo.ca\/tsp\/world\/\"><img loading=\"lazy\" decoding=\"async\" class=\"wp-image-270\" src=\"https:\/\/uf-mi.u-bordeaux.fr\/road\/wp-content\/uploads\/2\/2017\/04\/france_concorde-288x300.jpg\" alt=\"\" width=\"139\" height=\"145\" srcset=\"https:\/\/uf-mi.u-bordeaux.fr\/road\/wp-content\/uploads\/sites\/2\/2017\/04\/france_concorde-288x300.jpg 288w, https:\/\/uf-mi.u-bordeaux.fr\/road\/wp-content\/uploads\/sites\/2\/2017\/04\/france_concorde-768x801.jpg 768w, https:\/\/uf-mi.u-bordeaux.fr\/road\/wp-content\/uploads\/sites\/2\/2017\/04\/france_concorde-982x1024.jpg 982w, https:\/\/uf-mi.u-bordeaux.fr\/road\/wp-content\/uploads\/sites\/2\/2017\/04\/france_concorde.jpg 1714w\" sizes=\"auto, (max-width: 139px) 100vw, 139px\" \/><\/a><figcaption id=\"caption-attachment-270\" class=\"wp-caption-text\">Visite des plus grandes villes de France \u00e0 co\u00fbt minimum<\/figcaption><\/figure>\n<p>Exemple classique : <strong>le voyageur de commerce<\/strong> (comment visiter un certain nombres de points et revenir \u00e0 son point de d\u00e9part en minimisant la distance). Ce probl\u00e8me est difficile et n\u00e9cessite pour le r\u00e9soudre de d\u00e9ployer des m\u00e9thodes math\u00e9matiques complexes.<br \/>\n<a href=\"http:\/\/www.math.uwaterloo.ca\/tsp\/world\/\">Un site d\u00e9crivant les solutions pour les 1,904,711 villes r\u00e9pertori\u00e9es dans le monde.<\/a><\/p>\n<h3>Les m\u00e9tiers<\/h3>\n<ul>\n<li><em><strong>Petites et moyennes entreprises, services publics<\/strong><\/em><\/li>\n<\/ul>\n<p>L&rsquo;expert recherche op\u00e9rationnelle \u00a0est responsable de l&rsquo;optimisation des processus au sein de son entreprise. Il applique les m\u00e9thodes classiques \u00e0 ces processus, en utilisant les outils du commerce ou en d\u00e9veloppant ses propres m\u00e9thodes. La capacit\u00e9 \u00e0 dialoguer avec des non sp\u00e9cialistes sera une comp\u00e9tence importante.<\/p>\n<ul>\n<li><em><strong>Editeurs de logiciels\u00a0sp\u00e9cialis\u00e9s<\/strong><\/em><\/li>\n<\/ul>\n<p>L&rsquo;expert participe \u00e0 l&rsquo;impl\u00e9mentation de logiciels g\u00e9n\u00e9riques. En plus des comp\u00e9tences R.O., une bonne<\/p>\n<figure id=\"attachment_360\" aria-describedby=\"caption-attachment-360\" style=\"width: 179px\" class=\"wp-caption alignright\"><img loading=\"lazy\" decoding=\"async\" class=\" wp-image-360\" src=\"https:\/\/uf-mi.u-bordeaux.fr\/road\/wp-content\/uploads\/2\/2017\/07\/Routing-300x169.jpg\" alt=\"\" width=\"179\" height=\"101\" srcset=\"https:\/\/uf-mi.u-bordeaux.fr\/road\/wp-content\/uploads\/sites\/2\/2017\/07\/Routing-300x169.jpg 300w, https:\/\/uf-mi.u-bordeaux.fr\/road\/wp-content\/uploads\/sites\/2\/2017\/07\/Routing-768x431.jpg 768w, https:\/\/uf-mi.u-bordeaux.fr\/road\/wp-content\/uploads\/sites\/2\/2017\/07\/Routing-1024x575.jpg 1024w, https:\/\/uf-mi.u-bordeaux.fr\/road\/wp-content\/uploads\/sites\/2\/2017\/07\/Routing.jpg 1280w\" sizes=\"auto, (max-width: 179px) 100vw, 179px\" \/><figcaption id=\"caption-attachment-360\" class=\"wp-caption-text\">Module de Routage du logiciel de navigation maritime TIMEZERO de MaxSea<\/figcaption><\/figure>\n<p>comp\u00e9tence en d\u00e9veloppement informatique est importante dans ce cas.<\/p>\n<ul>\n<li><em><strong>Services de recherche et d\u00e9veloppement, grands groupes<br \/>\n<\/strong><\/em><\/li>\n<\/ul>\n<p>L&rsquo;expert travaille au plus pr\u00e8s des r\u00e9sultats r\u00e9cents de recherche pour apporter des solutions innovantes \u00e0 des probl\u00e8mes nouveaux pos\u00e9s par l&rsquo;entreprise.<\/p>\n<h3>La recherche op\u00e9rationnelle \u00e0 Bordeaux<\/h3>\n<p>La R.O. \u00e0 Bordeaux c&rsquo;est<\/p>\n<ul>\n<li>le parcours de master ROAD<\/li>\n<li>le Cursus Master Ing\u00e9nierie (CMI) <a href=\"http:\/\/uf-mi.u-bordeaux.fr\/optim\">OPTIM<\/a><\/li>\n<li><a href=\"https:\/\/www.math.u-bordeaux.fr\/imb\/optimisation-mathematique-modele-aleatoire-et-statistique\">l&rsquo;\u00e9quipe de recherche OptimAl<\/a> \u00e0 l&rsquo;Institut de Math\u00e9matiques de Bordeaux<\/li>\n<li><a href=\"https:\/\/realopt.bordeaux.inria.fr\/\">l&rsquo;\u00e9quipe Inria RealOpt<\/a><\/li>\n<\/ul>\n<h3>Voir aussi<\/h3>\n<p><a href=\"http:\/\/roadef.org\/societe-francaise-recherche-operationnelle-aide-decision\">Site de la ROADEF<\/a> (association fran\u00e7aise de recherche op\u00e9rationnelle)<\/p>\n<p><a href=\"https:\/\/www.roadef.org\/roadef-livre-blanc\">Le livre blanc de la recherche op\u00e9rationnelle<\/a> donne de nombreux exemples de la recherche op\u00e9rationnelle en entreprise.<\/p>\n<p><a href=\"http:\/\/www.economie.gouv.fr\/files\/files\/PDF\/2017\/Conclusions_Groupes_Travail_France_IA.pdf\">Rapport du minist\u00e8re des finances sur l&rsquo;intelligence artificielle<\/a> (qui cite la recherche op\u00e9rationnelle et la r\u00e9solution de probl\u00e8mes complexes comme des enjeux importants)<\/p>\n<p><a href=\"https:\/\/www.franceinter.fr\/emissions\/futur-proche\/futur-proche-12-mai-2017\">Chronique sur France Inter<\/a>\u00a0: les math\u00e9matiques au service des tourn\u00e9es<\/p>\n","protected":false},"excerpt":{"rendered":"<p>Recherche op\u00e9rationnelle \u00ab\u00a0La recherche op\u00e9rationnelle peut \u00eatre d\u00e9finie comme l&rsquo;ensemble des m\u00e9thodes et techniques rationnelles orient\u00e9es vers la recherche du meilleur choix dans la fa\u00e7on d&rsquo;op\u00e9rer en vue d&rsquo;aboutir au &#8230;<\/p>\n","protected":false},"author":4,"featured_media":0,"parent":0,"menu_order":0,"comment_status":"closed","ping_status":"closed","template":"","meta":{"footnotes":""},"class_list":["post-42","page","type-page","status-publish","hentry"],"_links":{"self":[{"href":"https:\/\/uf-mi.u-bordeaux.fr\/road\/wp-json\/wp\/v2\/pages\/42","targetHints":{"allow":["GET"]}}],"collection":[{"href":"https:\/\/uf-mi.u-bordeaux.fr\/road\/wp-json\/wp\/v2\/pages"}],"about":[{"href":"https:\/\/uf-mi.u-bordeaux.fr\/road\/wp-json\/wp\/v2\/types\/page"}],"author":[{"embeddable":true,"href":"https:\/\/uf-mi.u-bordeaux.fr\/road\/wp-json\/wp\/v2\/users\/4"}],"replies":[{"embeddable":true,"href":"https:\/\/uf-mi.u-bordeaux.fr\/road\/wp-json\/wp\/v2\/comments?post=42"}],"version-history":[{"count":25,"href":"https:\/\/uf-mi.u-bordeaux.fr\/road\/wp-json\/wp\/v2\/pages\/42\/revisions"}],"predecessor-version":[{"id":513,"href":"https:\/\/uf-mi.u-bordeaux.fr\/road\/wp-json\/wp\/v2\/pages\/42\/revisions\/513"}],"wp:attachment":[{"href":"https:\/\/uf-mi.u-bordeaux.fr\/road\/wp-json\/wp\/v2\/media?parent=42"}],"curies":[{"name":"wp","href":"https:\/\/api.w.org\/{rel}","templated":true}]}}