{"id":40,"date":"2016-11-22T14:11:07","date_gmt":"2016-11-22T13:11:07","guid":{"rendered":"https:\/\/uf-mi.u-bordeaux.fr\/road\/?page_id=40"},"modified":"2023-06-19T14:36:26","modified_gmt":"2023-06-19T12:36:26","slug":"candidater","status":"publish","type":"page","link":"https:\/\/uf-mi.u-bordeaux.fr\/road\/candidater\/","title":{"rendered":"Candidater"},"content":{"rendered":"<p>Notre formation s&rsquo;adresse principalement aux titulaires de licences de <strong>math\u00e9matiques appliqu\u00e9es<\/strong>, <strong>math\u00e9matiques fondamentales<\/strong>,<strong> math\u00e9matiques\/informatique,<\/strong> <strong>informatique<\/strong>, <strong>MIASHS<\/strong>. D&rsquo;autres licences peuvent \u00eatre accept\u00e9es, mais il faudra faire appara\u00eetre des comp\u00e9tences en math\u00e9matiques et\/ou informatique.<\/p>\n<p>Le nombre de places \u00e9tant limit\u00e9, les candidatures font l&rsquo;objet d&rsquo;une s\u00e9lection. En 2017, nous avons re\u00e7u plus de <strong>160 candidatures pour une capacit\u00e9 de 20 places<\/strong>.<\/p>\n<p>Nous accueillons aussi en M2 des \u00e9tudiants en derni\u00e8re ann\u00e9e d&rsquo;\u00e9cole d\u2019ing\u00e9nieurs.<\/p>\n<p><strong>\u00c9tudiants de L3 ou dipl\u00f4m\u00e9s d&rsquo;une licence en France<\/strong><\/p>\n<p>Les candidatures en <strong>premi\u00e8re ann\u00e9e de master (M1)<\/strong> se font via la plateforme nationale <a href=\"https:\/\/www.monmaster.gouv.fr\/master\/universite-de-bordeaux\/mathematiques-appliquees-statistique?q=bordeaux&amp;course=d%C3%A9cision&amp;position=0&amp;layout=1\"> \u00ab\u00a0Mon Master\u00a0\u00bb<\/a>.<\/p>\n<p>L&rsquo;admission directe en deuxi\u00e8me ann\u00e9e (M2) est rare, mais possible. Les \u00e9tudiants d\u00e9j\u00e0 titulaires d&rsquo;un M2 en France devront justifier leur projet professionnel lors de la candidature.<\/p>\n<p><strong>\u00c9tudiants ing\u00e9nieur (derni\u00e8re ann\u00e9e ou jeunes dipl\u00f4m\u00e9s)<\/strong><\/p>\n<p>Les candidats en derni\u00e8res ann\u00e9e d&rsquo;\u00e9cole d&rsquo;ing\u00e9nieur peuvent candidater directement en M2 si les bases de la recherche op\u00e9rationnelle ont \u00e9t\u00e9 \u00e9tudi\u00e9es en cours. Assurez-vous le cas \u00e9ch\u00e9ant de l&rsquo;accord de votre \u00e9cole. Les candidatures M2 se font via <a href=\"https:\/\/apoflux.u-bordeaux.fr\/etudiant\/\">site de d\u00e9p\u00f4t de voeux de l&rsquo;Universit\u00e9 de Bordeaux (apoflux).<\/a><\/p>\n<p><strong>\u00c9tudiants niveau Bac+3\/Bac+5 \u00e0 l&rsquo;\u00e9tranger<\/strong><\/p>\n<p>Les candidatures se font via <a href=\"http:\/\/www.campusfrance.org\/fr\/\">Campus France<\/a>. L&rsquo;admission en M1 est tr\u00e8s s\u00e9lective. L&rsquo;admission directe en M2 est tr\u00e8s rare, m\u00eame pour les \u00e9tudiants dipl\u00f4m\u00e9s d&rsquo;un autre master. Les \u00e9tudiants d\u00e9j\u00e0 titulaires d&rsquo;un M2 devront justifier leur projet professionnel lors de la candidature.<\/p>\n<p><a href=\"http:\/\/www.campusfrance.org\/fr\/\"><img loading=\"lazy\" decoding=\"async\" class=\"aligncenter wp-image-279 size-full\" src=\"https:\/\/uf-mi.u-bordeaux.fr\/road\/wp-content\/uploads\/2\/2017\/04\/campus.jpeg\" alt=\"\" width=\"252\" height=\"84\" \/><\/a><\/p>\n<p><strong>\u00c9tudiants en formation continue<br \/><\/strong><\/p>\n<p>Nous accueillons r\u00e9guli\u00e8rement des \u00e9tudiants en formation continue. Pour la formation continue, se mettre en contact avec le service <a href=\"http:\/\/www.u-bordeaux.fr\/Formation\/Formation-continue\">Formation continue<\/a> de l&rsquo;Universit\u00e9 de Bordeaux ou <a href=\"https:\/\/uf-mi.u-bordeaux.fr\/road\/contact\/\">nous contacter<\/a>.<\/p>\n<p><strong>Alternance<br \/><\/strong><\/p>\n<p>Nous accueillons des \u00e9tudiants en <strong>contrat de professionnalisation<\/strong> et en <strong>apprentissage<\/strong>. Un \u00e9tudiant peut candidater avec une entreprise int\u00e9ress\u00e9e, ou trouver l&rsquo;entreprise dans les trois premiers mois de la formation.<\/p>\n\n\n<p><\/p>\n","protected":false},"excerpt":{"rendered":"<p>Notre formation s&rsquo;adresse principalement aux titulaires de licences de math\u00e9matiques appliqu\u00e9es, math\u00e9matiques fondamentales, math\u00e9matiques\/informatique, informatique, MIASHS. D&rsquo;autres licences peuvent \u00eatre accept\u00e9es, mais il faudra faire appara\u00eetre des comp\u00e9tences en math\u00e9matiques &#8230;<\/p>\n","protected":false},"author":4,"featured_media":0,"parent":0,"menu_order":0,"comment_status":"closed","ping_status":"closed","template":"","meta":{"footnotes":""},"class_list":["post-40","page","type-page","status-publish","hentry"],"_links":{"self":[{"href":"https:\/\/uf-mi.u-bordeaux.fr\/road\/wp-json\/wp\/v2\/pages\/40","targetHints":{"allow":["GET"]}}],"collection":[{"href":"https:\/\/uf-mi.u-bordeaux.fr\/road\/wp-json\/wp\/v2\/pages"}],"about":[{"href":"https:\/\/uf-mi.u-bordeaux.fr\/road\/wp-json\/wp\/v2\/types\/page"}],"author":[{"embeddable":true,"href":"https:\/\/uf-mi.u-bordeaux.fr\/road\/wp-json\/wp\/v2\/users\/4"}],"replies":[{"embeddable":true,"href":"https:\/\/uf-mi.u-bordeaux.fr\/road\/wp-json\/wp\/v2\/comments?post=40"}],"version-history":[{"count":18,"href":"https:\/\/uf-mi.u-bordeaux.fr\/road\/wp-json\/wp\/v2\/pages\/40\/revisions"}],"predecessor-version":[{"id":518,"href":"https:\/\/uf-mi.u-bordeaux.fr\/road\/wp-json\/wp\/v2\/pages\/40\/revisions\/518"}],"wp:attachment":[{"href":"https:\/\/uf-mi.u-bordeaux.fr\/road\/wp-json\/wp\/v2\/media?parent=40"}],"curies":[{"name":"wp","href":"https:\/\/api.w.org\/{rel}","templated":true}]}}