{"id":109,"date":"2016-11-22T22:37:03","date_gmt":"2016-11-22T21:37:03","guid":{"rendered":"https:\/\/uf-mi.u-bordeaux.fr\/road\/?page_id=109"},"modified":"2024-03-18T11:47:59","modified_gmt":"2024-03-18T10:47:59","slug":"liste-des-sujets-de-projet-m2","status":"publish","type":"page","link":"https:\/\/uf-mi.u-bordeaux.fr\/road\/liste-des-sujets-de-projet-m2\/","title":{"rendered":"Liste des sujets de projet (M2)"},"content":{"rendered":"<h2><strong>Liste des sujets r\u00e9cents de projet M2<\/strong><\/h2>\n<ul>\n<li><strong>2016-2019 Renault<\/strong> &#8211; ordonnancement d&rsquo;atelier (production d&rsquo;automobiles)<\/li>\n<li><strong>2020 Saint Gobain<\/strong> &#8211; gestion de la production et de l&rsquo;acheminement<\/li>\n<li><strong>2021 Mapo Tempo<\/strong> &#8211; tourn\u00e9es de v\u00e9hicules<\/li>\n<li><strong>2022 Orange<\/strong> &#8211; s\u00e9curit\u00e9 dans les r\u00e9seaux<\/li>\n<li><strong>2023 La Poste<\/strong> &#8211; tourn\u00e9es avec drones<\/li>\n<li><strong>2024 Find&amp;Order<\/strong> &#8211; batching et tourn\u00e9es dans un entrep\u00f4t<\/li>\n<\/ul>\n","protected":false},"excerpt":{"rendered":"<p>Liste des sujets r\u00e9cents de projet M2 2016-2019 Renault &#8211; ordonnancement d&rsquo;atelier (production d&rsquo;automobiles) 2020 Saint Gobain &#8211; gestion de la production et de l&rsquo;acheminement 2021 Mapo Tempo &#8211; tourn\u00e9es &#8230;<\/p>\n","protected":false},"author":4,"featured_media":0,"parent":0,"menu_order":0,"comment_status":"closed","ping_status":"closed","template":"","meta":{"footnotes":""},"class_list":["post-109","page","type-page","status-publish","hentry"],"_links":{"self":[{"href":"https:\/\/uf-mi.u-bordeaux.fr\/road\/wp-json\/wp\/v2\/pages\/109","targetHints":{"allow":["GET"]}}],"collection":[{"href":"https:\/\/uf-mi.u-bordeaux.fr\/road\/wp-json\/wp\/v2\/pages"}],"about":[{"href":"https:\/\/uf-mi.u-bordeaux.fr\/road\/wp-json\/wp\/v2\/types\/page"}],"author":[{"embeddable":true,"href":"https:\/\/uf-mi.u-bordeaux.fr\/road\/wp-json\/wp\/v2\/users\/4"}],"replies":[{"embeddable":true,"href":"https:\/\/uf-mi.u-bordeaux.fr\/road\/wp-json\/wp\/v2\/comments?post=109"}],"version-history":[{"count":5,"href":"https:\/\/uf-mi.u-bordeaux.fr\/road\/wp-json\/wp\/v2\/pages\/109\/revisions"}],"predecessor-version":[{"id":557,"href":"https:\/\/uf-mi.u-bordeaux.fr\/road\/wp-json\/wp\/v2\/pages\/109\/revisions\/557"}],"wp:attachment":[{"href":"https:\/\/uf-mi.u-bordeaux.fr\/road\/wp-json\/wp\/v2\/media?parent=109"}],"curies":[{"name":"wp","href":"https:\/\/api.w.org\/{rel}","templated":true}]}}