{"id":32,"date":"2017-06-01T09:20:01","date_gmt":"2017-06-01T07:20:01","guid":{"rendered":"http:\/\/uf-mi.u-bordeaux.fr\/optim\/?page_id=32"},"modified":"2024-09-06T13:22:49","modified_gmt":"2024-09-06T11:22:49","slug":"contenu-de-la-formation","status":"publish","type":"page","link":"https:\/\/uf-mi.u-bordeaux.fr\/optim\/contenu-de-la-formation\/","title":{"rendered":"Formation"},"content":{"rendered":"<p>Notre\u00a0formation dure cinq ans (Licence + Master). Elle s&rsquo;appuie sur un <strong>socle g\u00e9n\u00e9raliste en math\u00e9matique et informatique,<\/strong> auquel s&rsquo;ajoute des \u00e9l\u00e9ments de <strong>sp\u00e9cialisation dans le domaine de l&rsquo;optimisation<\/strong>.<\/p>\n<p>Les \u00e9tudiants form\u00e9s auront ainsi des comp\u00e9tences fortes en :<\/p>\n<ul>\n<li>d\u00e9veloppement informatique ;<\/li>\n<li>algorithmique ;<\/li>\n<li>th\u00e9orie des graphes ;<\/li>\n<li>optimisation math\u00e9matique ;<\/li>\n<li>mod\u00e9lisation math\u00e9matique.<\/li>\n<\/ul>\n<p>Une <strong>ouverture\u00a0\u00e0 l&rsquo;intelligence artificielle<\/strong> est apport\u00e9e d\u00e8s la troisi\u00e8me ann\u00e9e de licence et tout au long du master.<\/p>\n<p>Ce parcours de CMI s&rsquo;appuie sur des enseignements des Unit\u00e9s de Formation de Math\u00e9matiques et d&rsquo;Informatique de l&rsquo;Universit\u00e9 de Bordeaux : au niveau licence sur les\u00a0licences de math\u00e9matiques et d&rsquo;informatique, et au niveau master sur les masters informatique et math\u00e9matiques appliqu\u00e9es.<\/p>\n<p>La formation s&rsquo;appuie sur un triptyque enseignement \/ recherche \/ entreprise.\u00a0En plus des fondements disciplinaires et de la sp\u00e9cialisation, les \u00e9tudiants CMI suivent des cours qui les pr\u00e9parent aux m\u00e9tiers de l&rsquo;encadrement dans une entreprise. Des activit\u00e9s les mettent aussi en contact avec des chercheurs du domaine, qui leur permettent d&rsquo;\u00eatre \u00e0 la pointe des m\u00e9thodologies actuelles.<\/p>\n<p><a href=\"http:\/\/uf-mi.u-bordeaux.fr\/optim\/liste-des-cours-par-semestre\/\">Liste d\u00e9taill\u00e9e des cours<\/a><\/p>\n","protected":false},"excerpt":{"rendered":"<p>Notre\u00a0formation dure cinq ans (Licence + Master). Elle s&rsquo;appuie sur un socle g\u00e9n\u00e9raliste en math\u00e9matique et informatique, auquel s&rsquo;ajoute des \u00e9l\u00e9ments de sp\u00e9cialisation dans le domaine de l&rsquo;optimisation. Les \u00e9tudiants form\u00e9s auront ainsi des comp\u00e9tences [&hellip;]<\/p>\n","protected":false},"author":4,"featured_media":0,"parent":0,"menu_order":0,"comment_status":"closed","ping_status":"closed","template":"","meta":{"footnotes":""},"class_list":["post-32","page","type-page","status-publish","hentry"],"_links":{"self":[{"href":"https:\/\/uf-mi.u-bordeaux.fr\/optim\/wp-json\/wp\/v2\/pages\/32","targetHints":{"allow":["GET"]}}],"collection":[{"href":"https:\/\/uf-mi.u-bordeaux.fr\/optim\/wp-json\/wp\/v2\/pages"}],"about":[{"href":"https:\/\/uf-mi.u-bordeaux.fr\/optim\/wp-json\/wp\/v2\/types\/page"}],"author":[{"embeddable":true,"href":"https:\/\/uf-mi.u-bordeaux.fr\/optim\/wp-json\/wp\/v2\/users\/4"}],"replies":[{"embeddable":true,"href":"https:\/\/uf-mi.u-bordeaux.fr\/optim\/wp-json\/wp\/v2\/comments?post=32"}],"version-history":[{"count":10,"href":"https:\/\/uf-mi.u-bordeaux.fr\/optim\/wp-json\/wp\/v2\/pages\/32\/revisions"}],"predecessor-version":[{"id":350,"href":"https:\/\/uf-mi.u-bordeaux.fr\/optim\/wp-json\/wp\/v2\/pages\/32\/revisions\/350"}],"wp:attachment":[{"href":"https:\/\/uf-mi.u-bordeaux.fr\/optim\/wp-json\/wp\/v2\/media?parent=32"}],"curies":[{"name":"wp","href":"https:\/\/api.w.org\/{rel}","templated":true}]}}