{"id":377,"date":"2025-08-29T16:47:42","date_gmt":"2025-08-29T14:47:42","guid":{"rendered":"https:\/\/uf-mi.u-bordeaux.fr\/mas\/?page_id=377"},"modified":"2025-09-17T08:40:41","modified_gmt":"2025-09-17T06:40:41","slug":"numerics-2025-2026-seminaires","status":"publish","type":"page","link":"https:\/\/uf-mi.u-bordeaux.fr\/mas\/numerics-2025-2026-seminaires\/","title":{"rendered":"Numerics \u2013 2025-2026 \u2013 S\u00e9minaires"},"content":{"rendered":"\n<p>Les s\u00e9minaires ont lieu dans l&rsquo;amphi du Labri de 12h45 \u00e0 13h45. <em>Il est recommand\u00e9 d&rsquo;arriver 15 minutes avant pour remplir la feuille de pr\u00e9sence.<\/em><\/p>\n\n\n\n<ul class=\"wp-block-list\">\n<li><strong>25 septembre :<\/strong> Fran\u00e7ois Pellegrini<em> &#8211; Freedom in the digital age<\/em><\/li>\n\n\n\n<li><strong>2 octobre<\/strong> : Fran\u00e7ois Clautiaux &#8211; <em>Optimisation<\/em><\/li>\n\n\n\n<li><strong>9 octobre<\/strong> : Fr\u00e9d\u00e9ric Alexandre &#8211; <em>Quelques \u00e9l\u00e9ments pour comprendre comment ChatGPT fonctionne<\/em><\/li>\n\n\n\n<li><strong>16 octobre : <\/strong>Yassine Hamoudi &#8211; <em>A quoi servent les algorithmes quantiques<\/em> ?<\/li>\n\n\n\n<li><strong>23 octobre<\/strong> : Quentin Clairon &#8211; <em>Sant\u00e9 Publique Num\u00e9rique<\/em><\/li>\n\n\n\n<li><strong>6 novembre<\/strong> : Fran\u00e7ois Rivet &#8211; <em>Connecting Human and Artificial Intelligences: How engineering and science shape the future of communications<\/em><\/li>\n\n\n\n<li><strong>13 novembre<\/strong> : Adrien Vincent &#8211; <em>Life cycle assessment of ICT in practice &#8211; Comparison between desktop and single-board computers in a higher education context.<\/em><\/li>\n\n\n\n<li><strong>20 novembre<\/strong> : Michel Le Van Kiem &#8211; <em>Les communs num\u00e9riques: une r\u00e9ponse aux enjeux soci\u00e9taux actuels ?<\/em><\/li>\n\n\n\n<li><strong>27 novembre<\/strong> : Sylvain Sa\u00efghi &#8211; <em>Syst\u00e8mes \u00e9lectroniques et informatiques neuromorphiques, s\u2019inspirant du syst\u00e8me nerveux humain<\/em><\/li>\n\n\n\n<li><strong>4 d\u00e9cembre <\/strong>: Mohamed Mosbah &#8211; <em>Transport et mobilit\u00e9 intelligente<\/em><\/li>\n<\/ul>\n\n\n\n<p><\/p>\n","protected":false},"excerpt":{"rendered":"<p>Les s\u00e9minaires ont lieu dans l&rsquo;amphi du Labri de 12h45 \u00e0 13h45. Il est recommand\u00e9 d&rsquo;arriver 15 minutes avant pour remplir la feuille de pr\u00e9sence.<\/p>\n","protected":false},"author":21,"featured_media":0,"parent":0,"menu_order":0,"comment_status":"closed","ping_status":"closed","template":"","meta":{"footnotes":""},"class_list":["post-377","page","type-page","status-publish","hentry"],"_links":{"self":[{"href":"https:\/\/uf-mi.u-bordeaux.fr\/mas\/wp-json\/wp\/v2\/pages\/377","targetHints":{"allow":["GET"]}}],"collection":[{"href":"https:\/\/uf-mi.u-bordeaux.fr\/mas\/wp-json\/wp\/v2\/pages"}],"about":[{"href":"https:\/\/uf-mi.u-bordeaux.fr\/mas\/wp-json\/wp\/v2\/types\/page"}],"author":[{"embeddable":true,"href":"https:\/\/uf-mi.u-bordeaux.fr\/mas\/wp-json\/wp\/v2\/users\/21"}],"replies":[{"embeddable":true,"href":"https:\/\/uf-mi.u-bordeaux.fr\/mas\/wp-json\/wp\/v2\/comments?post=377"}],"version-history":[{"count":4,"href":"https:\/\/uf-mi.u-bordeaux.fr\/mas\/wp-json\/wp\/v2\/pages\/377\/revisions"}],"predecessor-version":[{"id":386,"href":"https:\/\/uf-mi.u-bordeaux.fr\/mas\/wp-json\/wp\/v2\/pages\/377\/revisions\/386"}],"wp:attachment":[{"href":"https:\/\/uf-mi.u-bordeaux.fr\/mas\/wp-json\/wp\/v2\/media?parent=377"}],"curies":[{"name":"wp","href":"https:\/\/api.w.org\/{rel}","templated":true}]}}