{"id":97,"date":"2016-11-08T16:31:49","date_gmt":"2016-11-08T15:31:49","guid":{"rendered":"https:\/\/uf-mi.u-bordeaux.fr\/CMI-ISI\/wordpress\/?page_id=2"},"modified":"2026-01-12T13:41:36","modified_gmt":"2026-01-12T12:41:36","slug":"presentation","status":"publish","type":"page","link":"https:\/\/uf-mi.u-bordeaux.fr\/cmi-isi\/","title":{"rendered":"Le CMI ISI \u00e9volue \u00e0 la rentr\u00e9e 2026 vers le CMI OSIA &#8211; Optimisation, Statistique et Intelligence Artificielle :"},"content":{"rendered":"\n<p><a href=\"https:\/\/cmi-osia.uf-mi.u-bordeaux.fr\">https:\/\/cmi-osia.uf-mi.u-bordeaux.fr<\/a><\/p>\n\n\n<h2><span style=\"color: #00bcd5\">Qu\u2019est-ce que le CMI ISI ?<\/span><\/h2>\n<p style=\"padding-left: 30px;text-align: justify\">Le Cursus de Master en Ing\u00e9nierie ISI est une nouvelle formation de l&rsquo;Universit\u00e9 de Bordeaux pour une discipline\u00a0r\u00e9cente \u00e0 l\u2019intersection des\u00a0math\u00e9matiques appliqu\u00e9es et de l\u2019informatique : la science\u00a0des donn\u00e9es.\u00a0C\u2019est donc une formation de\u00a0math\u00e9matiques appliqu\u00e9es et\u00a0d\u2019informatique pr\u00e9parant au\u00a0m\u00e9tier de Data Scientist.\u00a0Ce cursus permet d\u2019acqu\u00e9rir une double comp\u00e9tence de type\u00a0ing\u00e9nieur en statistique et en\u00a0informatique.\u00a0Le Data Scientist est le\u00a0responsable, au sein d\u2019une\u00a0entreprise, de l\u2019acquisition, la\u00a0gestion et l\u2019analyse de donn\u00e9es\u00a0massives. C\u2019est un m\u00e9tier d\u2019avenir\u00a0qui conna\u00eet actuellement une tr\u00e8s\u00a0forte croissance.<\/p>\n<h2><span style=\"color: #00bcd5\">Objectif<\/span><\/h2>\n<p style=\"padding-left: 30px\" align=\"justify\">L&rsquo;objectif du CMI ISI est de former des <b>experts en ing\u00e9nierie math\u00e9matique, statistique et informatique<\/b> dont les comp\u00e9tences et les connaissances portent sur la science de donn\u00e9es massives. Ce cursus est par nature pluridisciplinaire avec des connaissances pointues en statistique et informatique. Cette compl\u00e9mentarit\u00e9 est au c\u0153ur de la science de donn\u00e9es massives. Notre formation vise \u00e9galement \u00e0 confronter les \u00e9tudiants \u00e0 la dimension \u00e0 la fois technique et m\u00e9tier de la science des donn\u00e9es.<\/p>\n<h2><span style=\"color: #00bcd5\">Domaines d&rsquo;expertises<\/span><\/h2>\n<p>Notre objectif est de former des Data Scientist \u00e0 la pointe des diff\u00e9rents domaines d&rsquo;expertise suivants:<\/p>\n<ul>\n<li>Acquisition, choix et mod\u00e8les de repr\u00e9sentation de donn\u00e9es issues de sources multiples.<\/li>\n<li>Manipulation, modification et gestion de bases de donn\u00e9es afin de pouvoir les exploiter.<\/li>\n<li>Visualisation hi\u00e9rarchique de donn\u00e9es massives.<\/li>\n<li>Analyse de donn\u00e9es en grande dimension, statistique, apprentissage supervis\u00e9, non supervis\u00e9.<\/li>\n<li>Optimisation pour des structures de grande taille de type matrices, graphes, r\u00e9seaux.<\/li>\n<li>Stockage des donn\u00e9es et calculs sur des serveurs informatiques distants en r\u00e9seau.<\/li>\n<li>Passage \u00e0 l&rsquo;\u00e9chelle et parall\u00e9lisme avec la connaissance de la structure logicielle Hadoop.<\/li>\n<li>Connaissances logicielles pour l\u2019exploitation des donn\u00e9es et l&rsquo;informatique dans les entreprises.<\/li>\n<li>Extraction d\u2019indicateurs concrets pour l\u2019\u00e9laboration de strat\u00e9gies dans les entreprises.<\/li>\n<li>Connaissance des secteurs industriels et des domaines d&rsquo;applications de la science des donn\u00e9es.<\/li>\n<li>Aspects \u00e9thiques, l\u00e9gaux et soci\u00e9taux de l&rsquo;exploitation de donn\u00e9es massives.<\/li>\n<\/ul>\n<h2><span style=\"color: #99cc00\"><span style=\"color: #00bcd5\">Programme g\u00e9n\u00e9ral<\/span><br \/>\n<\/span><\/h2>\n<p style=\"padding-left: 30px\"><img loading=\"lazy\" decoding=\"async\" class=\"wp-image-75 alignleft\" src=\"http:\/\/uf-mi.u-bordeaux.fr\/cmi-isi\/wp-content\/uploads\/sites\/7\/2016\/11\/programme-general.jpg\" alt=\"programme-general\" width=\"522\" height=\"600\" srcset=\"https:\/\/uf-mi.u-bordeaux.fr\/cmi-isi\/wp-content\/uploads\/sites\/7\/2016\/11\/programme-general.jpg 658w, https:\/\/uf-mi.u-bordeaux.fr\/cmi-isi\/wp-content\/uploads\/sites\/7\/2016\/11\/programme-general-261x300.jpg 261w\" sizes=\"auto, (max-width: 522px) 85vw, 522px\" \/><\/p>\n<h2><span style=\"color: #00bcd5\">Candidatures<\/span><\/h2>\n<p style=\"padding-left: 30px\" align=\"justify\"><strong><span style=\"color: #ff0000\">Postuler au CMI ISI se fait au niveau L1 via la plateforme Parcoursup<\/span><\/strong><\/p>\n<ol>\n<li>Aller sur le lien <a href=\"https:\/\/dossier.parcoursup.fr\/\">https:\/\/dossier.parcoursup.fr\/\u00a0<\/a>puis cliquer sur la recherche d&rsquo;une formation<\/li>\n<li>Dans la rubrique Formation, \u00e0 l&rsquo;onglet Par type de formation, choisir : <span style=\"color: #0000ff\">Formation en ing\u00e9nierie<\/span><\/li>\n<li>Dans la rubrique Formation, \u00e0 l&rsquo;onglet Par mot-cl\u00e9, choisir : <span style=\"color: #0000ff\">Big data<\/span><\/li>\n<li>Ensuite, <span style=\"color: #0000ff\">Lancer la recherche<\/span><\/li>\n<\/ol>\n<p>La premi\u00e8re formation trouv\u00e9e est le CMI ISI !!!<\/p>","protected":false},"excerpt":{"rendered":"<p>https:\/\/cmi-osia.uf-mi.u-bordeaux.fr Qu\u2019est-ce que le CMI ISI ? Le Cursus de Master en Ing\u00e9nierie ISI est une nouvelle formation de l&rsquo;Universit\u00e9 de Bordeaux pour une discipline\u00a0r\u00e9cente \u00e0 l\u2019intersection des\u00a0math\u00e9matiques appliqu\u00e9es et de l\u2019informatique : la science\u00a0des [&hellip;]<\/p>\n","protected":false},"author":8,"featured_media":0,"parent":0,"menu_order":0,"comment_status":"closed","ping_status":"closed","template":"","meta":{"footnotes":""},"class_list":["post-97","page","type-page","status-publish","hentry"],"_links":{"self":[{"href":"https:\/\/uf-mi.u-bordeaux.fr\/cmi-isi\/wp-json\/wp\/v2\/pages\/97","targetHints":{"allow":["GET"]}}],"collection":[{"href":"https:\/\/uf-mi.u-bordeaux.fr\/cmi-isi\/wp-json\/wp\/v2\/pages"}],"about":[{"href":"https:\/\/uf-mi.u-bordeaux.fr\/cmi-isi\/wp-json\/wp\/v2\/types\/page"}],"author":[{"embeddable":true,"href":"https:\/\/uf-mi.u-bordeaux.fr\/cmi-isi\/wp-json\/wp\/v2\/users\/8"}],"replies":[{"embeddable":true,"href":"https:\/\/uf-mi.u-bordeaux.fr\/cmi-isi\/wp-json\/wp\/v2\/comments?post=97"}],"version-history":[{"count":6,"href":"https:\/\/uf-mi.u-bordeaux.fr\/cmi-isi\/wp-json\/wp\/v2\/pages\/97\/revisions"}],"predecessor-version":[{"id":313,"href":"https:\/\/uf-mi.u-bordeaux.fr\/cmi-isi\/wp-json\/wp\/v2\/pages\/97\/revisions\/313"}],"wp:attachment":[{"href":"https:\/\/uf-mi.u-bordeaux.fr\/cmi-isi\/wp-json\/wp\/v2\/media?parent=97"}],"curies":[{"name":"wp","href":"https:\/\/api.w.org\/{rel}","templated":true}]}}