{"id":2,"date":"2016-06-24T09:21:23","date_gmt":"2016-06-24T07:21:23","guid":{"rendered":"http:\/\/mss.apps.math.cnrs.fr\/?page_id=2"},"modified":"2025-04-01T11:01:13","modified_gmt":"2025-04-01T09:01:13","slug":"accueil","status":"publish","type":"page","link":"https:\/\/uf-mi.u-bordeaux.fr\/MSS\/","title":{"rendered":"Accueil"},"content":{"rendered":"<p>Bienvenue sur le site du parcours Mod\u00e9lisation Statistique et Stochastique du <a href=\"https:\/\/math-interactions.u-bordeaux.fr\/Formations\/Master-Mathematiques-appliquees-et-statistique\">Master Math\u00e9matiques Appliqu\u00e9es et Statistique<\/a> de l&rsquo;<a href=\"https:\/\/math-interactions.u-bordeaux.fr\/\">UFMI<\/a> de l&rsquo;<a href=\"https:\/\/www.u-bordeaux.fr\/\">Universit\u00e9 de Bordeaux<\/a>.<\/p>\n<hr \/>\n<p><img loading=\"lazy\" decoding=\"async\" class=\"alignnone wp-image-44\" src=\"http:\/\/mss.apps.math.cnrs.fr\/wp-content\/uploads\/2016\/06\/cropped-header-1-3-300x70.jpg\" alt=\"cropped-header-1\" width=\"2125\" height=\"496\" srcset=\"https:\/\/uf-mi.u-bordeaux.fr\/MSS\/wp-content\/uploads\/2016\/06\/cropped-header-1-3-300x70.jpg 300w, https:\/\/uf-mi.u-bordeaux.fr\/MSS\/wp-content\/uploads\/2016\/06\/cropped-header-1-3-768x179.jpg 768w, https:\/\/uf-mi.u-bordeaux.fr\/MSS\/wp-content\/uploads\/2016\/06\/cropped-header-1-3-1024x239.jpg 1024w, https:\/\/uf-mi.u-bordeaux.fr\/MSS\/wp-content\/uploads\/2016\/06\/cropped-header-1-3-820x191.jpg 820w, https:\/\/uf-mi.u-bordeaux.fr\/MSS\/wp-content\/uploads\/2016\/06\/cropped-header-1-3.jpg 1200w\" sizes=\"auto, (max-width: 2125px) 100vw, 2125px\" \/><\/p>\n<hr \/>\n<h4><strong>Objectifs de ce parcours<\/strong><\/h4>\n<ul>\n<li>Former aux m\u00e9tiers de la <strong>science des donn\u00e9es<\/strong> en lien avec les avanc\u00e9es r\u00e9centes en <strong>Intelligence Artificielle<\/strong> pour des <strong>d\u00e9bouch\u00e9s professionnels<\/strong> dans de tr\u00e8s nombreux domaines du <strong>secteur priv\u00e9<\/strong>, ainsi qu&rsquo;aux <strong>m\u00e9tiers de la recherche<\/strong> en probabilit\u00e9s et statistique.<\/li>\n<\/ul>\n<ul>\n<li>Le parcours comprend des <strong>cours pour partie fondamentaux et d&rsquo;autres \u00e0 vocation plus appliqu\u00e9e<\/strong> en probabilit\u00e9s, statistique, informatique et <strong>IA<\/strong> sur lesquels vont s&rsquo;appuyer les <strong>cursus \u00e0 coloration professionnelle et\/ou recherche<\/strong>.<\/li>\n<\/ul>\n<ul>\n<li>Le <strong>cursus \u00e0 coloration professionnelle<\/strong> vise \u00e0 former des <strong>Data Scientists<\/strong>\u00a0pour r\u00e9pondre aux besoins du secteur \u00e9conomique en mati\u00e8re d\u2019IA pour la science des donn\u00e9es, tant au niveau r\u00e9gional que national et international. Les applications, qui ne sont pas limit\u00e9es, couvrent de nombreux domaines de l&rsquo;expertise pour la science des donn\u00e9es qui incluent le transport et l&rsquo;\u00e9nergie, l&rsquo;a\u00e9ronautique et le spatial, le secteur bancaire et de l&rsquo;assurance, le secteur biom\u00e9dical et de la sant\u00e9, l&rsquo;environnement, la grande distribution, internet et le commerce \u00e9lectronique.<\/li>\n<\/ul>\n<ul>\n<li>L&rsquo;objectif majeur du\u00a0<strong>cursus \u00e0 coloration recherche<\/strong> est de pr\u00e9parer les \u00e9tudiants \u00e0 poursuivre leur formation par une th\u00e8se \u00e0 l&rsquo;universit\u00e9, dans des organismes de recherche comme le CNRS, l\u2019INRIA, l\u2019INRA, l\u2019INSERM, ou en partenariat avec une entreprise (th\u00e8se CIFRE).<\/li>\n<\/ul>\n<p>Des t\u00e9moignages vid\u00e9os de deux anciens \u00e9tudiants du parcours MSS sont pr\u00e9sents <a href=\"https:\/\/math-interactions.u-bordeaux.fr\/actualites\/temoignages-video-danciennes-etudiantes-du-master-mas\">ici<\/a>.<\/p>\n<p>&nbsp;<\/p>\n<h4><strong>Admission<\/strong><\/h4>\n<div class=\"page\" title=\"Page 12\">\n<div class=\"section\">\n<div class=\"layoutArea\">\n<div class=\"column\">\n<ul>\n<li><strong>Vous \u00eates titulaire d\u2019une Licence fran\u00e7aise et vous \u00eates candidat \u00e0 un Master 1 ou Master 2<\/strong> : vous devez proc\u00e9der \u00e0 la demande d\u2019admission pr\u00e9alable d\u00e9mat\u00e9rialis\u00e9e via le <a href=\"https:\/\/www.u-bordeaux.fr\/formation\/candidatures-et-inscriptions\/sinscrire-luniversite\/master-1\" target=\"_blank\" rel=\"noopener\">site internet<\/a> de l\u2019Universit\u00e9 de Bordeaux d\u00e9di\u00e9 \u00e0 l&rsquo;inscription en Master.<\/li>\n<\/ul>\n<ul>\n<li>\n<div class=\"page\" title=\"Page 12\">\n<div class=\"section\">\n<div class=\"layoutArea\">\n<div class=\"column\">\n<p><strong>Vous \u00eates titulaire d\u2019un dipl\u00f4me \u00e9tranger<\/strong> :\u00a0la campagne d\u2019admission est ouverte de f\u00e9vrier \u00e0 mars. Rendez-vous sur le <a href=\"https:\/\/www.u-bordeaux.fr\/formation\/candidatures-et-inscriptions\/sinscrire-luniversite\/master-1\" target=\"_blank\" rel=\"noopener\">site internet<\/a> de l\u2019Universit\u00e9 de Bordeaux pour conna\u00eetre les modalit\u00e9s d\u2019inscription selon votre pays de r\u00e9sidence.<\/p>\n<\/div>\n<\/div>\n<\/div>\n<\/div>\n<\/li>\n<\/ul>\n<p>Les d\u00e9cisions seront communiqu\u00e9es via le site d&rsquo;inscription au Master.\u00a0Si vous \u00eates admis, les modalit\u00e9s d\u2019inscription administrative seront pr\u00e9cis\u00e9es sur la notification d\u2019admission.<\/p>\n<\/div>\n<p><strong>Attention &#8211;\u00a0Toutes les candidatures doivent suivre la proc\u00e9dure de l&rsquo;Universit\u00e9. Aucune candidature envoy\u00e9e directement au secr\u00e9tariat du Master MAS &#8211; Parcours MSS\u00a0ne pourra \u00eatre consid\u00e9r\u00e9e.<\/strong><\/p>\n<\/div>\n<\/div>\n<\/div>\n<p>&nbsp;<\/p>\n","protected":false},"excerpt":{"rendered":"<p>Bienvenue sur le site du parcours Mod\u00e9lisation Statistique et Stochastique du Master Math\u00e9matiques Appliqu\u00e9es et Statistique de l&rsquo;UFMI de l&rsquo;Universit\u00e9 de Bordeaux. Objectifs de ce parcours Former aux m\u00e9tiers de la science des donn\u00e9es en lien avec les avanc\u00e9es r\u00e9centes en Intelligence Artificielle pour des d\u00e9bouch\u00e9s professionnels dans de tr\u00e8s nombreux domaines du secteur priv\u00e9, [&hellip;]<\/p>\n","protected":false},"author":1,"featured_media":0,"parent":0,"menu_order":0,"comment_status":"closed","ping_status":"closed","template":"","meta":{"footnotes":""},"class_list":["post-2","page","type-page","status-publish","hentry"],"_links":{"self":[{"href":"https:\/\/uf-mi.u-bordeaux.fr\/MSS\/wp-json\/wp\/v2\/pages\/2","targetHints":{"allow":["GET"]}}],"collection":[{"href":"https:\/\/uf-mi.u-bordeaux.fr\/MSS\/wp-json\/wp\/v2\/pages"}],"about":[{"href":"https:\/\/uf-mi.u-bordeaux.fr\/MSS\/wp-json\/wp\/v2\/types\/page"}],"author":[{"embeddable":true,"href":"https:\/\/uf-mi.u-bordeaux.fr\/MSS\/wp-json\/wp\/v2\/users\/1"}],"replies":[{"embeddable":true,"href":"https:\/\/uf-mi.u-bordeaux.fr\/MSS\/wp-json\/wp\/v2\/comments?post=2"}],"version-history":[{"count":26,"href":"https:\/\/uf-mi.u-bordeaux.fr\/MSS\/wp-json\/wp\/v2\/pages\/2\/revisions"}],"predecessor-version":[{"id":1211,"href":"https:\/\/uf-mi.u-bordeaux.fr\/MSS\/wp-json\/wp\/v2\/pages\/2\/revisions\/1211"}],"wp:attachment":[{"href":"https:\/\/uf-mi.u-bordeaux.fr\/MSS\/wp-json\/wp\/v2\/media?parent=2"}],"curies":[{"name":"wp","href":"https:\/\/api.w.org\/{rel}","templated":true}]}}